 - -31498614?
31498616
In base 11, what is -29 + -56728a?
-567308
In base 2, what is 1101011010101001010100010 - 101?
1101011010101001010011101
In base 10, what is 6164 + -584?
5580
In base 11, what is 14 - -4643834?
4643848
In base 4, what is 3231230123 - -101?
3231230230
In base 11, what is -875 + 134a73?
1341a9
In base 12, what is 1 - 3331657?
-3331656
In base 15, what is 1 + -c94be8?
-c94be7
In base 9, what is 4254 + 1401?
5655
In base 14, what is -2426cabd - 2?
-2426cac1
In base 2, what is -10011010110 + -100001100011001?
-100011111101111
In base 2, what is -101001 - 11000001111001101001?
-11000001111010010010
In base 6, what is 2520110 - -12?
2520122
In base 15, what is -2 + -28a2bd3?
-28a2bd5
In base 2, what is 1110001 - 101111010100101?
-101111000110100
In base 3, what is 21221001001211 - 21?
21221001001120
In base 2, what is 101001000100 + -101110101100?
-101101000
In base 8, what is -31467 + -50470?
-102157
In base 14, what is -8cd5a + 59c?
-8c79c
In base 6, what is -1 - 510254252?
-510254253
In base 9, what is 34 + -160341?
-160306
In base 10, what is -5 - -4396441?
4396436
In base 3, what is -110200100111 + -11?
-110200100122
In base 15, what is a261 + 10e0?
b351
In base 8, what is 27 + -366436?
-366407
In base 2, what is 1000101011011110110110 + -1000010?
1000101011011101110100
In base 11, what is 6 - 280a2581?
-280a2576
In base 8, what is 153407 - -134?
153543
In base 7, what is 14660016453 - -2?
14660016455
In base 9, what is 33420284 + -4?
33420280
In base 2, what is 10001000 + 100011101110010110011?
100011101110100111011
In base 2, what is 1110110101001000101000 + 0?
1110110101001000101000
In base 16, what is 6b - 130b31?
-130ac6
In base 16, what is 844f + -c?
8443
In base 15, what is -3 + -b6bb26?
-b6bb29
In base 14, what is 5 - 8536ac?
-8536a7
In base 8, what is 1 + -13605245?
-13605244
In base 12, what is 9 + 266850?
266859
In base 15, what is 44a + ed00?
1024a
In base 4, what is -202011213 + 120?
-202011033
In base 11, what is 19929974 - 2?
19929972
In base 2, what is 11110111111111000010001101100 - 101?
11110111111111000010001100111
In base 9, what is -1650156 + -34?
-1650201
In base 16, what is -5 - -12fd4ba?
12fd4b5
In base 9, what is -146 + -26422?
-26568
In base 14, what is 514512 - 4a?
5144a6
In base 5, what is -4 + -3212424130?
-3212424134
In base 14, what is b4190 - -4ab?
b465b
In base 12, what is -3ba8a7 + 6?
-3ba8a1
In base 9, what is -538 + -85850?
-86488
In base 8, what is 233 + 705654?
706107
In base 14, what is -a1352 - -8?
-a1348
In base 11, what is 66 + 4388a?
43945
In base 5, what is 11 + 303331442?
303332003
In base 9, what is 328542267 - -4?
328542272
In base 13, what is 353a764 - 5?
353a75c
In base 4, what is 2130323030 - 1132?
2130321232
In base 12, what is 85b94 - -3a?
86012
In base 3, what is 12020220 + 100002222?
112100212
In base 11, what is -22a - a14490?
-a1470a
In base 4, what is 21030302 + -10132?
21020110
In base 2, what is -1011110111000 - 111110101011?
-10011101100011
In base 5, what is 2 - -320201241?
320201243
In base 5, what is -120210230 + 200?
-120210030
In base 7, what is 0 - 5622436?
-5622436
In base 3, what is -100000 + 102112120201?
102112020201
In base 3, what is 1001120201221111 - 1?
1001120201221110
In base 4, what is -10 + -1032213011222?
-1032213011232
In base 5, what is 2 - 1410141032?
-1410141030
In base 7, what is 0 - -502540033?
502540033
In base 8, what is 10104031 - 11?
10104020
In base 9, what is 2 + 742371?
742373
In base 12, what is 188a0 - -1328?
1a008
In base 5, what is -4321 - 312431421?
-312441242
In base 13, what is -155 + -a8163?
-a82b8
In base 15, what is -65 + -1958d?
-19603
In base 6, what is 11144152 + -105?
11144043
In base 6, what is 110242251435 + -3?
110242251432
In base 16, what is 24a564e + 3?
24a5651
In base 16, what is -3 + 32cc59?
32cc56
In base 16, what is -3 + 476d419?
476d416
In base 6, what is -4 + 350343440?
350343432
In base 13, what is -1000007 + -6?
-1000010
In base 16, what is -241 - ac33?
-ae74
In base 2, what is -110011110001110010100111001 + 0?
-110011110001110010100111001
In base 4, what is -32301303 - 13003?
-32320312
In base 3, what is 20212210201 - -21120?
20220002021
In base 8, what is -472511 - 3261?
-475772
In base 11, what is -498102aa5 + 1?
-498102aa4
In base 15, what is 58 + -19e88?
-19e30
In base 4, what is -22202033202 + 11333?
-22202021203
In base 2, what is -1101000 + -10000011111011110?
-10000100001000110
In base 15, what is 20206 + -13ab?
1dd4a
In base 6, what is 243 + -1401333021?
-1401332334
In base 11, what is 3 - -48a1319?
48a1321
In base 9, what is -15108 + -6467?
-22576
In base 16, what is -786e + -10f6?
-8964
In base 5, what is 1 - 123434241113?
-123434241112
In base 6, what is 10 - 101513543?
-101513533
In base 10, what is -950515793 + 4?
-950515789
In base 6, what is 3443005 + 220?
3443225
In base 15, what is 11bb87e0 + 4?
11bb87e4
In base 13, what is -73 + 12a8bb?
12a848
In base 11, what is 6300924 - 5?
630091a
In base 11, what is -52274 + 449?
-51926
In base 9, what is 477683 - -5731?
484524
In base 2, what is -1000010 - -1000010000100110000000?
1000010000100100111110
In base 9, what is 3428441038 + 0?
3428441038
In base 6, what is -21514132 + -104?
-21514240
In base 13, what is -19a - -1658b?
163c1
In base 9, what is 4 - -5335082?
5335086
In base 5, what is -10214 + -203043?
-213312
In base 15, what is -9b305 + -c?
-9b312
In base 8, what is -5 - -10105543?
10105536
In base 16, what is -c6 + 1700?
163a
In base 5, what is 114112433 - 102?
114112331
In base 4, what is 2210303303231 + -1?
2210303303230
In base 16, what is 62 + -45fe2?
-45f80
In base 3, what is -10 - -20000111020112102?
20000111020112022
In base 15, what is d0 + 8e27a?
8e35a
In base 9, what is 17558281 + -4?
17558276
In base 3, what is -12 - -11001212001?
11001211212
In base 6, what is 43124200 - -1?
43124201
In base 4, what is 21221020212 + -12000?
21221002212
In base 8, what is 111450024 + -21?
111450003
In base 11, what is 9 + a84465a?
a844668
In base 11, what is 1036aa9 - 3?
1036aa6
In base 9, what is 22 - -1423314?
1423336
In base 16, what is -5200 - -285?
-4f7b
In base 16, what is -3 - -db6fc?
db6f9
In base 14, what is 2029b29 - -4?
2029b2d
In base 10, what is -2588247 + 2?
-2588245
In base 13, what is -6541 + -ca?
-663b
In base 9, what is 1714 - 5536?
-3722
In base 11, what is -75 + -30167?
-30231
In base 4, what is -3331 + -13221033?
-13231030
In base 16, what is -19 - -2ea862?
2ea849
In base 5, what is -2314 + 23244433?
23242114
In base 13, what is 2b31b - -346?
2b664
In base 8, what is 11364 - -2470?
14054
In base 5, what is 241304040 + 120?
241304210
In base 15, what is b + 8dda66?
8dda72
In base 11, what is 6 + 7447869?
7447874
In base 5, what is 4 - 3300322323?
-3300322314
In base 2, what is 110 - -111001010001010111000?
111001010001010111110
In base 5, what is 224021111 - -10?
224021121
In base 2, what is 10 + 110000000001010101100101?
110000000001010101100111
In base 16, what is -ed1 - -4cf?
-a02
In base 14, what is a559d6 + 1?
a559d7
In base 15, what is -20c3 + 10a05?
d932
In base 16, what is cbd + 967?
1624
In base 16, what is 235a4e4 - 5?
235a4df
In base 6, what is 1322 + 113110433?
113112155
In base 15, what is -8694 + 0?
-8694
In base 3, what is -11 + 21021011121111?
21021011121100
In base 9, what is -7 - -1040308?
1040301
In base 2, what is -100001101000010100011010011 + -1?
-100001101000010100011010100
In base 16, what is b3ef - -91?
b480
In base 2, what is -1111001100000110010110011 - -100?
-1111001100000110010101111
In base 16, what is 57 + -145bf?
-14568
In base 2, what is 101010011001010111111 - 11010101?
101010011000111101010
In base 13, what is -6b152b - -5?
-6b1526
In base 4, what is -10203 + 21320001?
21303132
In base 11, what is 2276 - -18241?
1a507
In base 2, what is -10101001101010010 - -10101111010?
-10100110111011000
In base 5, what is 31201410 + -14?
31201341
In base 13, what is -4c3 - -50a0?
48aa
In base 13, what is 1 + 413853b?
413853c
In base 8, what is 21 - 15720447?
-15720426
In base 5, what is 14211133 - -2402?
14214040
In base 12, what is 1554 - -2b0?
1844
In base 14, what is -302 - -407?
105
In base 8, what is -3 - -250167?
250164
In base 6, what is 31253 + -32?
31221
In base 16, what is -2e662a17 + -